2.
36
What is the greatest common factor of 36 and 450?
18
What is the highest common factor of 99 and 15?
3
Calculate the highest common factor of 192 and 11712.
192
What is the greatest common divisor of 37 and 1517?
37
Calculate the greatest common factor of 555 and 333.
111
Calculate the greatest common divisor of 32 and 10.
2
What is the greatest common factor of 144 and 72?
72
What is the highest common divisor of 170 and 136?
34
Calculate the greatest common factor of 47 and 1034.
47
What is the greatest common factor of 2553 and 74?
37
Calculate the highest common factor of 14 and 932.
2
What is the greatest common factor of 45 and 747?
9
Calculate the highest common factor of 4440 and 990.
30
What is the greatest common factor of 160 and 32?
32
What is the highest common divisor of 2291 and 551?
29
Calculate the highest common factor of 11 and 6875.
11
Calculate the greatest common factor of 135 and 75.
15
Calculate the greatest common factor of 50 and 3950.
50
What is the highest common divisor of 2479 and 37?
37
What is the highest common divisor of 137631 and 39?
39
What is the greatest common factor of 62 and 465?
31
What is the greatest common factor of 60758 and 34?
34
Calculate the highest common factor of 24 and 2152.
8
What is the highest common divisor of 3306 and 174?
174
What is the highest common divisor of 1160 and 20?
20
Calculate the greatest common factor of 105 and 18900.
105
Calculate the greatest common divisor of 6310 and 10.
10
What is the highest common divisor of 4 and 236?
4
What is the greatest common divisor of 253 and 979?
11
Calculate the highest common divisor of 29 and 134.
1
Calculate the greatest common divisor of 27063 and 194.
97
What is the highest common factor of 175 and 55?
5
What is the greatest common factor of 2 and 8?
2
Calculate the highest common factor of 901 and 34.
17
Calculate the greatest common factor of 396 and 2292.
12
Calculate the greatest common divisor of 50323 and 26.
13
Calculate the greatest common factor of 5 and 490.
5
Calculate the greatest common divisor of 1197 and 27.
9
What is the greatest common divisor of 360 and 216?
72
What is the highest common factor of 25 and 275?
25
Calculate the highest common factor of 47 and 5.
1
What is the greatest common factor of 100 and 8?
4
What is the highest common factor of 551 and 754?
29
What is the highest common factor of 300 and 160?
20
What is the greatest common divisor of 1785 and 7?
7
Calculate the greatest common divisor of 618 and 12.
6
What is the highest common divisor of 184 and 1128?
8
Calculate the greatest common divisor of 18 and 78.
6
What is the highest common divisor of 1112 and 16?
8
What is the highest common divisor of 135 and 16155?
45
What is the highest common divisor of 247 and 13?
13
What is the highest common divisor of 256 and 102?
2
What is the greatest common factor of 585 and 405?
45
What is the greatest common divisor of 476 and 1309?
119
Calculate the greatest common divisor of 156 and 48.
12
Calculate the highest common factor of 16 and 296.
8
What is the highest common factor of 2 and 83?
1
Calculate the highest common divisor of 8670 and 153.
51
Calculate the greatest common factor of 8 and 1384.
8
What is the highest common factor of 3982 and 22?
22
Calculate the highest common divisor of 8 and 64.
8
What is the highest common divisor of 96 and 168?
24
What is the greatest common factor of 715 and 65?
65
Calculate the highest common divisor of 19 and 16321.
19
What is the highest common factor of 6 and 243?
3
Calculate the greatest common factor of 6875 and 55.
55
Calculate the highest common divisor of 2068 and 220.
44
Calculate the greatest common factor of 616 and 572.
44
What is the greatest common divisor of 35 and 245?
35
What is the greatest common divisor of 10 and 170?
10
Calculate the highest common divisor of 43 and 1.
1
Calculate the greatest common divisor of 4949 and 1010.
101
Calculate the highest common divisor of 3390 and 120.
30
Calculate the highest common factor of 34 and 816.
34
What is the highest common factor of 492 and 12?
12
What is the greatest common divisor of 8 and 12456?
8
Calculate the highest common factor of 235 and 329.
47
What is the greatest common divisor of 28 and 52?
4
Calculate the highest common factor of 528 and 7040.
176
What is the highest common divisor of 180 and 900?
180
Calculate the greatest common divisor of 13 and 32.
1
What is the highest common factor of 1421 and 29?
29
What is the highest common factor of 1056 and 136?
8
Calculate the greatest common factor of 190 and 1558.
38
What is the greatest common factor of 416 and 936?
104
Calculate the greatest common divisor of 1064 and 56.
56
What is the greatest common divisor of 40 and 1280?
40
Calculate the greatest common divisor of 45 and 3015.
45
What is the highest common divisor of 195 and 3?
3
What is the highest common divisor of 276 and 54?
6
What is the highest common divisor of 4 and 409?
1
Calculate the greatest common divisor of 1707 and 8.
1
What is the greatest common divisor of 437 and 19?
19
Calculate the highest common divisor of 1074 and 54.
6
Calculate the highest common factor of 18 and 2.
2
Calculate the highest common factor of 175 and 3825.
25
What is the greatest common divisor of 600 and 3950?
50
What is the highest common factor of 564 and 12?
12
What is the greatest common divisor of 9 and 6597?
9
What is the greatest common divisor of 416 and 260?
52
Calculate the greatest common factor of 18 and 10728.
18
What is the greatest common factor of 315 and 165?
15
Calculate the greatest common divisor of 1687 and 14.
7
What is the highest common factor of 621 and 897?
69
What is the highest common factor of 88 and 891?
11
Calculate the greatest common factor of 25425 and 90.
45
Calculate the greatest common divisor of 108 and 48.
12
What is the greatest common divisor of 85 and 68?
17
What is the highest common divisor of 21 and 18?
3
What is the greatest common divisor of 172 and 39388?
172
What is the greatest common factor of 32 and 3?
1
Calculate the greatest common factor of 4454 and 68.
34
What is the greatest common divisor of 92 and 368?
92
What is the greatest common factor of 5 and 95?
5
What is the greatest common divisor of 1 and 389?
1
What is the greatest common factor of 22 and 110?
22
What is the highest common factor of 222 and 74?
74
Calculate the greatest common factor of 1180 and 10.
10
What is the greatest common divisor of 24 and 14532?
12
What is the highest common divisor of 81 and 1611?
9
What is the greatest common factor of 1510 and 10?
10
Calculate the highest common factor of 11263 and 28.
7
What is the highest common divisor of 60 and 372?
12
What is the greatest common factor of 576 and 432?
144
Calculate the greatest common divisor of 329 and 7.
7
What is the highest common divisor of 555 and 5365?
185
What is the highest common factor of 1653 and 76?
19
Calculate the greatest common divisor of 2924 and 430.
86
Calculate the greatest common divisor of 4 and 2.
2
What is the greatest common divisor of 1157 and 267?
89
What is the highest common factor of 855 and 7410?
285
Calculate the greatest common divisor of 32940 and 72.
36
Calculate the greatest common divisor of 8 and 724.
4
Calculate the highest common factor of 3794 and 28.
14
Calculate the greatest common divisor of 128 and 72.
8
What is the greatest common divisor of 7245 and 693?
63
Calculate the greatest common divisor of 192 and 396.
12
What is the highest common factor of 544 and 224?
32
Calculate the highest common factor of 840 and 35.
35
What is the greatest common divisor of 24 and 54?
6
What is the highest common divisor of 21 and 189?
21
What is the greatest common factor of 405 and 10?
5
Calculate the greatest common divisor of 7 and 35.
7
What is the greatest common factor of 144 and 45?
9
Calculate the highest common factor of 493 and 2.
1
What is the highest common factor of 280 and 168?
56
Calculate the highest common divisor of 5859 and 105.
21
What is the greatest common divisor of 1035 and 45?
45
What is the highest common divisor of 190 and 152?
38
Calculate the greatest common factor of 130 and 715.
65
Calculate the greatest common factor of 8 and 188.
4